{"id":18,"date":"2024-08-29T19:17:46","date_gmt":"2024-08-29T17:17:46","guid":{"rendered":"https:\/\/artlunettes.ch\/?page_id=18"},"modified":"2025-10-25T16:25:33","modified_gmt":"2025-10-25T14:25:33","slug":"18-2","status":"publish","type":"page","link":"https:\/\/artlunettes.ch\/","title":{"rendered":"Herzlich willkommen!"},"content":{"rendered":"\n<div class=\"wp-block-columns is-layout-flex wp-container-core-columns-is-layout-9d6595d7 wp-block-columns-is-layout-flex\">\n<div class=\"wp-block-column is-layout-flow wp-block-column-is-layout-flow\">\n<figure class=\"wp-block-image size-large\"><img loading=\"lazy\" decoding=\"async\" width=\"1024\" height=\"830\" src=\"https:\/\/artlunettes.ch\/wp-content\/uploads\/2025\/01\/DSC_0312.1-1-1024x830.jpg\" alt=\"\" class=\"wp-image-429\" srcset=\"https:\/\/artlunettes.ch\/wp-content\/uploads\/2025\/01\/DSC_0312.1-1-1024x830.jpg 1024w, https:\/\/artlunettes.ch\/wp-content\/uploads\/2025\/01\/DSC_0312.1-1-300x243.jpg 300w, https:\/\/artlunettes.ch\/wp-content\/uploads\/2025\/01\/DSC_0312.1-1-768x623.jpg 768w, https:\/\/artlunettes.ch\/wp-content\/uploads\/2025\/01\/DSC_0312.1-1-1536x1246.jpg 1536w, https:\/\/artlunettes.ch\/wp-content\/uploads\/2025\/01\/DSC_0312.1-1-2048x1661.jpg 2048w\" sizes=\"auto, (max-width: 1024px) 100vw, 1024px\" \/><\/figure>\n<\/div>\n\n\n\n<div class=\"wp-block-column is-layout-flow wp-block-column-is-layout-flow\">\n<p style=\"font-size:22px\">Mein Augenoptiker-Gesch\u00e4ft \u00ab<strong>Artlunettes<\/strong>\u00bb befindet sich in der <a href=\"https:\/\/artlunettes.ch\/?page_id=89\" target=\"_blank\" rel=\"noreferrer noopener\"><strong>ehemaligen K\u00e4serei<\/strong><\/a> in W\u00fcnnewil. <\/p>\n\n\n\n<p style=\"font-size:22px\">Bis auf Weiteres habe ich keine regelm\u00e4ssigen \u00d6ffnungszeiten.<\/p>\n\n\n\n<p style=\"font-size:22px\">Ich freue mich, &#8211; nach vorheriger Terminvereinbarung &#8211; dich in meinem Gesch\u00e4ft zu beraten.<\/p>\n\n\n\n<p style=\"font-size:22px\">Du kannst einen Termin vereinbaren in dem du:<\/p>\n\n\n\n<ul class=\"wp-block-list has-x-large-font-size\">\n<li style=\"font-size:22px\">&#8211; unter der Telefonnummer&nbsp;<strong>079 271 52 04&nbsp;<\/strong>anrufst, oder<\/li>\n\n\n\n<li style=\"font-size:22px\">&#8211; mir eine WhatsApp-Nachricht schickst,<\/li>\n\n\n\n<li style=\"font-size:22px\">&#8211; eine E-Mail an&nbsp;<a href=\"mailto:artlunettes@bluewin.ch\"><strong>artlunettes@bluewin.ch<\/strong><\/a>&nbsp;sendest, <\/li>\n\n\n\n<li style=\"font-size:22px\">&#8211; das\u00a0<a href=\"https:\/\/artlunettes.ch\/?page_id=91\" target=\"_blank\" rel=\"noreferrer noopener\"><strong>Kontaktformular<\/strong><\/a>\u00a0ausf\u00fcllst, oder<\/li>\n\n\n\n<li class=\"has-vivid-cyan-blue-color has-text-color has-link-color wp-elements-62a5d06862a36d1f84afdd62b3bbe39c\" style=\"font-size:22px\">&#8211; <a href=\"https:\/\/artlunettes.simplybook.me\/v2\/#\" target=\"_blank\" rel=\"noreferrer noopener\"><strong>mit einem Klick hier online einen Termin buchst<\/strong>.<\/a><\/li>\n<\/ul>\n<\/div>\n<\/div>\n\n\n\n<p><\/p>\n","protected":false},"excerpt":{"rendered":"<p>Mein Augenoptiker-Gesch\u00e4ft \u00abArtlunettes\u00bb befindet sich in der ehemaligen K\u00e4serei in W\u00fcnnewil. Bis auf Weiteres habe ich keine regelm\u00e4ssigen \u00d6ffnungszeiten. Ich freue mich, &#8211; nach vorheriger Terminvereinbarung &#8211; dich in meinem Gesch\u00e4ft zu beraten. Du kannst einen Termin vereinbaren in dem du:<\/p>\n","protected":false},"author":1,"featured_media":0,"parent":0,"menu_order":0,"comment_status":"closed","ping_status":"closed","template":"","meta":{"ngg_post_thumbnail":0,"footnotes":""},"class_list":["post-18","page","type-page","status-publish","hentry"],"featured_image_src":null,"_links":{"self":[{"href":"https:\/\/artlunettes.ch\/index.php?rest_route=\/wp\/v2\/pages\/18","targetHints":{"allow":["GET"]}}],"collection":[{"href":"https:\/\/artlunettes.ch\/index.php?rest_route=\/wp\/v2\/pages"}],"about":[{"href":"https:\/\/artlunettes.ch\/index.php?rest_route=\/wp\/v2\/types\/page"}],"author":[{"embeddable":true,"href":"https:\/\/artlunettes.ch\/index.php?rest_route=\/wp\/v2\/users\/1"}],"replies":[{"embeddable":true,"href":"https:\/\/artlunettes.ch\/index.php?rest_route=%2Fwp%2Fv2%2Fcomments&post=18"}],"version-history":[{"count":63,"href":"https:\/\/artlunettes.ch\/index.php?rest_route=\/wp\/v2\/pages\/18\/revisions"}],"predecessor-version":[{"id":563,"href":"https:\/\/artlunettes.ch\/index.php?rest_route=\/wp\/v2\/pages\/18\/revisions\/563"}],"wp:attachment":[{"href":"https:\/\/artlunettes.ch\/index.php?rest_route=%2Fwp%2Fv2%2Fmedia&parent=18"}],"curies":[{"name":"wp","href":"https:\/\/api.w.org\/{rel}","templated":true}]}}